l - 3*l - 2*n = -1, 5*l - 3*n - 27 = 0. Suppose -s + 305 = l*r - 2*z, z = -5. List the prime factors of r.
2, 5, 7
Let h(g) = g**2 - 2. Let u(t) = 6*t**2 + 24*t + 44. Let b(i) = -5*h(i) + u(i). What are the prime factors of b(-25)?
79
Let y(n) = 3811*n - 99. What are the prime factors of y(2)?
7523
Let h be 32/3*(-810)/180. Let n = h - -316. What are the prime factors of n?
2, 67
Suppose 25*z - 14077 = 5648. Let q = z + 372. List the prime factors of q.
3, 43
Suppose 3*g + 3*g = 12. Suppose -4*s + 2147 = c, g*s + 11*c = 14*c + 1063. What are the prime factors of s?
2, 67
Suppose -5 = h, -31*q = -33*q + 3*h + 29115. List the prime factors of q.
2, 3, 5, 97
Suppose 3*w = 3*p + 42, 4*w = p + 14 + 12. Let l(h) = 9*h**2 - 9*h - 61. List the prime factors of l(p).
929
Let z = 421 - 424. What are the prime factors of 1/((12/(-3124))/z)?
11, 71
Let n = 34556 + -21780. List the prime factors of n.
2, 1597
Suppose -47 = -18*f + 43. Suppose -2*d + 515 = 3*z, -f*d - 3*z - 280 = -6*d. What are the prime factors of d?
5, 53
Let m(r) = 4*r + 46 + r**2 - 11*r - 9*r. Let p = 450 + -431. List the prime factors of m(p).
103
Let v be 460/(-2)*(-22 + 23). List the prime factors of (-1 - -136)/(-11 + v/(-20)).
2, 3, 5
Let d be (5 - -1)*18/54*695. Suppose 4*b - d = 606. List the prime factors of b.
499
Let t(y) = 3821*y**2 + 174*y + 523. What are the prime factors of t(-3)?
2, 5, 19, 181
Let s be (-3)/21 + 3/((-21)/(-22)). Suppose u = -s*u + 20. Suppose -659 = -4*g - u*y, 7*y - 3*y - 322 = -2*g. What are the prime factors of g?
3, 19
Suppose 4 = 2*z, i + 20 = 4*i + 4*z. List the prime factors of 296 - ((i - -1) + -4).
5, 59
Suppose -704*v - 6832347 + 18332891 = 0. What are the prime factors of v?
2, 1021
Suppose 6*p = -19*p + 6450. Let s = 562 - p. List the prime factors of s.
2, 19
Suppose -11*p - 4860 = -26*p. Let q = 184 + p. List the prime factors of q.
2, 127
Suppose -225782 = -132*d + 231334. List the prime factors of d.
3463
Let y(q) = -34*q - 13. Let j(m) = m**3 - 5*m**2 + 5*m + 4. Let r be j(4). Let w be 2 + (0 - 2) + (4 - r). List the prime factors of y(w).
3, 41
Let a(h) = 89*h + 3. Let g(m) = -m**3 - 7*m**2 + 2. Let d(n) = 2*n - 33. Let t be d(13). Let k be g(t). List the prime factors of a(k).
181
Let n(q) = -q**3 + 5*q**2 - 9*q + 2. Let p be n(3). What are the prime factors of 343 - (p/(21/9) + 0)?
2, 173
Let p(i) = 2*i**3 + 11*i**2 - 6*i + 61. Let a(x) = -2*x**3 - 12*x**2 + 7*x - 61. Let c(o) = -2*a(o) - 3*p(o). List the prime factors of c(-10).
3, 37
Let p be -67*(-3 + 6 - (7 + 7)). Let l = p + 347. List the prime factors of l.
2, 271
Let z = 47 - -30. Suppose -41*f = -34*f + 105. Let k = z + f. List the prime factors of k.
2, 31
Suppose c - 2 = h, 0*c + 2*c = -2*h + 12. Suppose -3*q - 6 = -h*q. List the prime factors of 54/4*q/(-3).
3
List the prime factors of ((-151184)/(-616))/(3 + (-38)/14).
859
Let i = 6087 + 8425. What are the prime factors of i?
2, 907
Let r(p) = 2*p - 54. Let b be r(36). List the prime factors of 15430/18 + -6 - 4/b.
23, 37
Let v(g) = 3*g**2 - 6*g - 9. Let q be v(-4). Let i = -119 + q. What are the prime factors of (i/24)/(1/(-24))?
2, 7
Suppose 0 = 103*a - 107*a. Suppose a = -2*u + t + 274, -2*t - 12 = t. List the prime factors of u.
3, 5
Suppose 3*l + 697 = 3*a + 76, 0 = -3*a - 5*l + 613. Suppose -94*o = -84*o - 3840. Let q = o - a. List the prime factors of q.
2, 89
Let t(k) = -2*k**2 - 66*k + 4. Let n be t(-33). Suppose -n*x + 813 = -731. What are the prime factors of x?
2, 193
Let q(o) be the first derivative of 59*o**3/3 + 3*o**2/2 + 2*o - 121. What are the prime factors of q(-5)?
2, 17, 43
Suppose 3*a = -2*b, 0 = -3*b - 3*a - 2*a + 2. Let g(u) = -17*u - 27. List the prime factors of g(b).
3, 5
Let h = -124 + 120. List the prime factors of (-4)/(-30) + 5008/15 + h.
2, 3, 5, 11
Suppose -2*q = -5*q + 849. Let g = 196 - q. Let p = -58 - g. What are the prime factors of p?
29
Suppose -6*v + 6660 = -0*v. Let n = -789 + v. List the prime factors of n.
3, 107
Suppose 19*x - 19368 - 8486 = 0. Let z = x + -386. List the prime factors of z.
2, 3, 5
Let p(s) = -s**3 - 51*s**2 + 343*s + 66. List the prime factors of p(-59).
3, 853
Let q(g) = -14*g**3 + 46*g**2 - 19*g + 123. Let a(s) = 5*s**3 - 16*s**2 + 6*s - 41. Let z(v) = 17*a(v) + 6*q(v). List the prime factors of z(7).
2, 31
Let j(x) = -1376*x + 3052. List the prime factors of j(-21).
2, 7, 163
Let v = 279 - -1686. What are the prime factors of v?
3, 5, 131
Let r = 3816 + -50. List the prime factors of r.
2, 7, 269
Let k = -15 + 150. Let w = k + -50. What are the prime factors of w?
5, 17
Let b(a) = 57*a - 80. Let h be b(-6). Let n = h - -2145. List the prime factors of n.
1723
Suppose 4*g + 1387 = -129. Let w = g - -652. List the prime factors of w.
3, 7, 13
Let g(t) = 8734*t + 688. What are the prime factors of g(4)?
2, 61, 73
Suppose -20*g + 3490 + 3850 = 0. Let y = g + -269. List the prime factors of y.
2, 7
Let j = -37677 + 55863. What are the prime factors of j?
2, 3, 7, 433
Suppose 180 = -548*j + 546*j. What are the prime factors of j*(-3)/4 + (-15)/10?
2, 3, 11
Let l(q) = -12*q + 111. Let z be l(9). Suppose z*u - 7*u + x = -2338, -2*u - 4*x + 1178 = 0. List the prime factors of u.
3, 5, 13
Let n(o) be the second derivative of o**4/12 + o**3 + o**2 - 7*o. Let i be n(-11). Let y = 83 - i. What are the prime factors of y?
2, 13
Let q(n) be the first derivative of 3*n**4/4 + 4*n**3/3 - 5*n**2/2 + 8*n + 102. List the prime factors of q(3).
2, 5, 11
Let v(n) = -27*n**2 - 4*n + 1. Let t be v(3). Let s = 2323 + -1940. Let m = s + t. What are the prime factors of m?
3, 43
Suppose 15*u = 6087 + 11778. Let r = u + -649. List the prime factors of r.
2, 271
Let m(j) = 9*j**3 - 8*j**2 + 31*j - 84. List the prime factors of m(13).
2, 5, 937
Let l(d) = -2*d**3 - 32*d**2 - 63*d - 76. What are the prime factors of l(-20)?
2, 137
Suppose 49*n - 50*n + h + 1233 = 0, -3*n - 2*h = -3704. List the prime factors of n.
2, 617
Suppose -11*m + 2*m - 693 = 0. Let x be (-4)/(-22) + (-1449)/m. Suppose 0 = 6*i - 2*i - 4*z - 12, x = 5*i - 3*z. What are the prime factors of i?
5
Suppose m - 7172 = 2*r, 2*m + 8*r - 10*r - 14352 = 0. List the prime factors of m.
2, 5, 359
Suppose 4*q + 174 + 978 = 0. Suppose 6832 = -11*x + 2267. Let o = q - x. What are the prime factors of o?
127
What are the prime factors of 3*31810*(-10)/(-300)?
3181
Let i(n) = -2327*n**3 - 8*n**2 + 11*n + 5. What are the prime factors of i(-2)?
3, 2063
Suppose 215597 = 3*j + 5*w, -4*j + w + 227970 + 59531 = 0. What are the prime factors of j?
2, 3, 11
Suppose 0 = -30*i + 213677 + 233503. What are the prime factors of i?
2, 29, 257
Let g = 3049 - 52. What are the prime factors of g?
3, 37
Let v(f) = -f - 22. Let t be v(9). Let b = 38 + t. Suppose 5*s + b*s = 48. What are the prime factors of s?
2
List the prime factors of ((-8007)/17)/(-6 - -3).
157
Suppose 7*m + 34206 = 13*m. Suppose 3*d - 8*d = -3*t + 3411, -5*t + 3*d = -m. List the prime factors of t/6 + 96/(-18) + 6.
191
Let z = -316 - -319. Suppose -z*n - 3*w = -1953, 3*n - 1840 = -2*w + 109. What are the prime factors of n?
647
Let h = -282 + 414. Let t = -88 + h. Let u = t - -51. What are the prime factors of u?
5, 19
Let x be (-3)/9 - (-172)/(-12)*-1. Suppose -4*k - 9 = 2*n + 3, -2*k + 4*n + x = 0. Let j = k - -64. What are the prime factors of j?
3, 7
Let i = 1729 + -539. Suppose 4*v - i = v + 4*b, 2*v - 792 = 2*b. List the prime factors of v.
2, 197
Suppose 2*h - 5*q - 73 = -55, 3*q + 6 = 0. Let z = 2 + -2. Suppose z*x - h*x = -556. List the prime factors of x.
139
Let f(n) = 5*n**2 - 6*n + 10. Let a(d) = -d**2 - 1. Let j(x) = 2*a(x) + f(x). Let r be j(2). Let q(m) = 7*m - 16. What are the prime factors of q(r)?
2, 5
Let m(p) = -10*p - 61. Let w be m(-7). Suppose 0 = -5*x + 5, 11*q - 468 = w*q + 4*x. What are the prime factors of q?
2, 59
Let z = 60 - 7. Let t = 114 - z. List the prime factors of t.
61
List the prime factors of (13928/7)/((-142)/(-497)).
2, 1741
Let z(s) = -s**2 + 2*s**2 + 0*s**2 + s**2. Let x be z(0). Suppose x*b - 3*b = -132. What are the prime factors of b?
2, 11
Let d = 1295 + -664. Suppose -4*h - d = -2443. What are the prime factors of h?
3, 151
Suppose -34*q = -56*q + 15*q + 185647. List the prime factors of q.
11, 2411
Suppose 3*g + 41*s = 42*s +